- 420 = -5*d, h*d + 168 = 2*d + 3*m. What is the highest common divisor of d and 24?
12
Let q = -14930 + 15049. Calculate the highest common factor of 63 and q.
7
Let q be (28/(-6))/(48/(-756))*(-160)/(-12). What is the greatest common divisor of 112 and q?
28
Suppose -12 = -9*f + 8*f. Let j(v) = -19*v - 732. Let k be j(-40). What is the highest common factor of f and k?
4
Let v = 1173 + -669. Let m be (-13)/((-52)/v) + -6. Calculate the greatest common divisor of 24 and m.
24
Suppose -3869 = 2580*j - 2589*j + 1891. Calculate the greatest common divisor of j and 45.
5
Let c(w) = w**3 + 13*w**2 - 7*w + 145. Let s be c(-14). What is the highest common divisor of 2021 and s?
47
Suppose -100*g + 2562 = 22*g. Let y(w) = 18*w - 6. Let t be y(5). What is the highest common factor of t and g?
21
Let p be 62/6 + 1/(-3). Suppose 2351*f = 2035*f + 9480. What is the greatest common divisor of f and p?
10
Let s be (10/15 + -1)*-402. Let j be (s/12)/((-3)/(-18)). Suppose 5*w + j = 227. What is the greatest common divisor of w and 8?
8
Let c = 778 - 738. What is the highest common factor of 740 and c?
20
Suppose -170 = 4*d - 2*d. Let n = 86 + d. Let a = 0 + 4. Calculate the greatest common factor of n and a.
1
Suppose 27*k - 3481 = 13799. Let w(u) = 2*u - 2. Let g be w(11). What is the highest common divisor of k and g?
20
Suppose 2*n + 179 = 5*l, -23 = -9*l + 8*l - 6*n. What is the greatest common divisor of 71 and l?
1
Let w be 3/9*(1 + -1). Suppose 5*n - 2*l - 76 = w, 0 = 2*l - 5*l - 9. Suppose -4*t = -6*t + 42. Calculate the highest common factor of n and t.
7
Let m = -295 - 12. Let g = 339 - m. What is the highest common factor of 38 and g?
38
Suppose 0 = 5*f - 10*f + 15. Let d(s) = -s**3 + 3*s**2 + s - 2. Let x be d(f). Let q be 5 + (-266)/63 - 2/(-9). Calculate the greatest common factor of x and q.
1
Let p be 29 - (-69979)/195 - (-2)/15. What is the highest common divisor of p and 15229?
97
Let w be (-56 + 0)/4 - (20 + -459). Let s be 1*5*(-51)/(-5). What is the highest common factor of w and s?
17
Let g be (-1 - -1) + (-10 - -14). Suppose g*y - 9*o - 1262 = -11*o, -o + 946 = 3*y. Calculate the highest common factor of y and 35.
35
Suppose -15*y + 723 = -1257. What is the greatest common factor of 1914 and y?
66
Let n = 262 + -263. Let b(l) = -732*l**3 - 2*l**2 + 3*l + 3. Let m be b(n). Calculate the greatest common factor of 10 and m.
10
Let s = 465 - 375. Let b(j) = j**2 + j + 10. Let k be b(-7). Suppose -m + u = -22, -4*m - 6*u = -u - k. What is the highest common factor of s and m?
18
Let i(m) = -52*m + 115. Let l be i(2). Suppose 1617 = -l*k + 4642. Calculate the highest common factor of 25 and k.
25
Let y be 139 - ((1 - 2) + -2). Let i = y + -120. What is the greatest common factor of 154 and i?
22
Let a(p) = -46*p + 4404. Let g be a(90). Calculate the highest common factor of g and 2200.
88
Let j = -52030 - -86855. What is the greatest common divisor of j and 175?
175
Let f = -8379 + 8401. What is the highest common divisor of f and 25399?
11
Suppose -3*t = 2*v - 67 - 84, -3*t + 68 = v. Let c = 30 - -136. Calculate the highest common divisor of c and v.
83
Let r be (5*(-243)/18)/((-6)/8). Let n be (-14)/7 - (-2 - 30/3). Let v(l) = -l**2 + 15*l - 20. Let g be v(n). What is the greatest common factor of g and r?
30
Let j be (-4)/(-21)*3108/9 - 6/(-27). Calculate the highest common factor of j and 1408.
22
Let r = 10467 - 7914. Calculate the greatest common divisor of 444 and r.
111
Let j be (-1590)/1113 - (-26162)/7. What is the highest common divisor of 8 and j?
8
Suppose 625*a - 624*a - 5 = 0. Suppose 3*m + 2*i = -0*i + 2561, -4251 = -a*m + i. What is the greatest common divisor of 23 and m?
23
Let j(i) = -i**3 - 34*i**2 - 91*i + 412. Let o be j(-31). Calculate the highest common factor of 2150 and o.
50
Let i(l) = -3*l**3 - 138*l**2 + 160*l - 135. Let d be i(-49). What is the highest common divisor of d and 34?
34
Let x = 16294 - 15994. What is the greatest common divisor of x and 325?
25
Let u = 328 - -62. Suppose -285*j + 98*j - 2494 = -8665. Let v be (-8)/(-44) + u/j. Calculate the greatest common divisor of 96 and v.
12
Let r = 65 - 62. Let s be (r/9)/((-17)/(-51)). Calculate the greatest common factor of s and 8.
1
Suppose -26*o + 18957 - 6061 = 0. What is the greatest common divisor of o and 8?
8
Let b be 396/22*-1*(-1)/(-2). Suppose 0 = 7*v - 10*v + 72. Let u = b + v. What is the greatest common factor of u and 105?
15
Let k(v) = -8*v + 0*v + 9*v**2 + 4*v + v**3 + 3 - v. Let a be k(-9). Calculate the greatest common divisor of 128 and a.
16
Let j = -81 - -76. Let g be 1 + j/4 + (-1197)/28. Let t = g + 57. Calculate the highest common factor of t and 70.
14
Suppose 0 = -q - z + 1431, 22*q - 7149 = 17*q - 3*z. Calculate the highest common divisor of q and 272.
68
Let y = -142 + 140. Let c(v) = -8*v**3 - 6*v**2 + 4*v + 4. Let q be c(y). Calculate the highest common divisor of 48 and q.
12
Suppose 0 = 10*z - 151 - 1029. Let c = z + 132. What is the highest common divisor of 150 and c?
50
Let p be 11/5 + 504564/380. Calculate the highest common factor of p and 410.
10
Let r(g) be the second derivative of -3*g**5/20 - g**4/6 + g**3/3 + 2*g**2 - 113*g. Let z be r(-1). Calculate the highest common factor of z and 303.
3
Let t(p) = -p**2 + 11*p + 45. Let u be t(0). Let h(o) = -55*o + 504. Let g be h(9). What is the highest common divisor of u and g?
9
Suppose -5*j + 3*v = -2708, j + 3*v - 556 = -0*j. Calculate the highest common divisor of j and 2976.
32
Suppose 0 = 3*c - 9, 5*x + c - 139 = x. Suppose -3*d + 5*d = -2*f + 56, -5*f = -20. Suppose -d*p = 21*p - 10710. What is the greatest common factor of p and x?
34
Let t = -578 - -578. Let d be 16 - (64/(-8) - t). Calculate the greatest common factor of d and 33.
3
Let o be ((-2)/(-10) + (-20)/(-25))*0. Let q be -2*((-118)/4 - o). What is the greatest common factor of q and 413?
59
Let j be (-14)/8*-26 - 256/(-512). Suppose -10*a + j + 164 = 0. What is the greatest common divisor of 7 and a?
7
Let r(c) = 20*c**2 + 109*c + 1275. Let x be r(-11). What is the greatest common divisor of x and 36?
12
Suppose 271 = 2*c + t + 136, 5*t + 249 = 4*c. What is the highest common factor of 4125 and c?
33
Let u(m) = -14*m**2 - 213*m + 27. Let c be u(-15). Calculate the highest common divisor of 684 and c.
36
Let n = 398 + -382. Let z(g) = g**3 - 13*g**2 - 37*g + 19. Let m be z(n). Calculate the highest common divisor of 130 and m.
65
Let x = 44 - 42. Suppose -2*m - i = 2*m + 244, m + x*i + 61 = 0. Let w = 115 - m. Calculate the highest common factor of w and 16.
16
Suppose 10 = 5*t + 4*c, -9*c = -13*c. Suppose -2*n - 90 = -t*o, n = 8*o - 3*o - 237. Let w be 3/2*(1 - -1). What is the highest common factor of w and o?
3
Suppose 3004*b - 3034*b = -725550. Calculate the highest common factor of 35 and b.
35
Suppose -z + 408*t = 406*t - 7184, 3*z - 7*t = 21552. What is the greatest common divisor of 16 and z?
16
Let c(g) = -10*g - 16. Let z(r) = 4*r + 1 - 2*r - 3 - 11. Let b be z(3). Let s be c(b). Calculate the greatest common divisor of 6 and s.
6
Let f = 381 + -634. Let b = 257 + f. Calculate the highest common divisor of b and 26.
2
Let n(q) = 19*q - 70. Let u be n(15). Let f = -143 + u. Calculate the greatest common divisor of f and 24.
24
Suppose 0 = 4*j - 2*p - 16, 2*p - 7*p = -3*j + 19. Suppose 0 = -2*x - j*m + m + 76, 4*x + 5*m - 154 = 0. What is the highest common divisor of x and 12?
12
Suppose p + g - 91 - 66 = 0, 441 = 3*p - 3*g. Calculate the highest common divisor of 2660 and p.
76
Let h(z) = 7*z - 319. Let d be h(55). Calculate the greatest common factor of 6 and d.
6
Suppose 0*d = -26*d + 425 + 2201. What is the greatest common divisor of d and 4747?
101
Suppose 0 = q + 58 - 15. Let a = -2 - q. Let l = -837 + 1206. What is the greatest common factor of a and l?
41
Suppose 14492 = 176*d + 2700. What is the highest common divisor of 5293 and d?
67
Let k(n) = n**2 + 17*n + 36. Let b be k(-12). Let v be (b/30)/((-4)/(-10)). Let h be 7 - (v - -4 - -1). What is the highest common factor of 12 and h?
4
Let u be 1/(1/(1 + 3)). Suppose 0 = u*f + 2*t - 80, f + 3*t = -3*f + 76. Let k be f/99 - 156/(-27). Calculate the greatest common divisor of 78 and k.
6
Let x be ((-148)/(-74))/(8/340). Let w = -6 - -